remainder when 10788 is divided by q?
30
Suppose -j = 2*j + i + 20, 5*j + 48 = 2*i. Calculate the remainder when 12/j*-30*84/54 is divided by 18.
16
Let u(k) = k**2 - 3*k. Let o be u(0). Suppose 3*r - 48 + 4 = -h, o = -4*h + r + 124. Calculate the remainder when 87 is divided by h.
23
Let y(c) = c**2 + 3*c - 5. Let g be y(2). Suppose -g*p + 19*b - 16*b = -376, -4*b + 89 = p. Calculate the remainder when p is divided by 46.
31
Suppose -14*u + 13992 = -26*u + 34*u. What is the remainder when u is divided by 59?
46
Let w(z) = -12*z**2 - z + 3. Let v be w(-2). Let s = 48 + v. Suppose 494 = 4*n - t, -2*t - 613 = -s*n - 3*t. What is the remainder when n is divided by 31?
30
Let q(h) = -26*h - 1. Suppose -47*k + 14*k - 1225 = -4*j, -3*j = -2*k - 1169. What is the remainder when j is divided by q(-1)?
22
Let b(a) = 80*a**3 - 2*a**2 + 3*a - 2. Let d be 458/14 + (-20)/(-70). Let u = d + -17. Calculate the remainder when b(1) is divided by u.
15
Let p(u) = 3*u**3 - 33*u**2 + 116*u - 214. Let z = 69 - 38. Calculate the remainder when z is divided by p(7).
1
Let g(v) = -v**3 - v**2 - 4*v + 49. Let l be g(9). Let x = l + 978. Calculate the remainder when x is divided by 26.
25
Suppose 5*l = -2*s + 43, 5*l - 3*s = 35 + 13. Suppose 0 = -2*b + l + 227. Calculate the remainder when b is divided by 8.
6
Let c(x) = 24*x**3 - 2*x**2 - 8*x + 10. Let n be c(2). Calculate the remainder when (-75)/50 + n/4 is divided by 16.
11
Suppose 2*d = -2*f + 140, 41*f - 5*d - 70 = 40*f. What is the remainder when f is divided by 9?
7
Let t(u) = -11*u - 36. Let l be t(-24). Suppose 2 = 10*f - l. Suppose -m + 5*q + 49 = m, 2*m + 2*q = 14. What is the remainder when f is divided by m?
11
Let p(x) = 2*x**3 + 20*x**2 + 6*x - 2. Let d be p(-8). Suppose -155 = -19*i + d. Calculate the remainder when i is divided by 2.
1
Suppose 0 = -3*d - 4*i + 18, 0*d = d - 3*i - 6. Suppose 218 + 398 = 7*b. What is the remainder when b is divided by d?
4
Let l = -1852 - -2498. What is the remainder when l is divided by 26?
22
Let d(y) = 2*y - 5 + 12 + 2 + 3 + 4. Calculate the remainder when 157 is divided by d(-6).
1
Let v(n) = -6*n - 84. Let t be v(-12). Let i(f) = -f**3 - 12*f**2 - 13*f - 7. What is the remainder when i(t) is divided by 100/(9/3 + -1)?
49
Suppose m - 148 = 3*r - 1424, 0 = 5*r - 5*m - 2110. Calculate the remainder when r is divided by 32.
11
Let i = -6529 + 12555. Suppose -50*l + i + 5324 = 0. What is the remainder when l is divided by 58?
53
Let n = 18 + -8. Let k = -129 - -357. Calculate the remainder when k is divided by n.
8
Let q = 128 + -66. Let l = 131 + -185. Let o = 80 + l. Calculate the remainder when q is divided by o.
10
Suppose 0 = 3*g - 5*v + 1 + 4, 0 = -2*g - 4*v + 26. Suppose g*u = -2*j + 23, 0 = 3*j + 4*u - 18 - 6. What is the remainder when 30 is divided by j?
2
Let d be 7/(-210)*626 - 8/60. Let r(h) = -h**3 - 24*h**2 - 67*h - 53. Let p(u) = 6*u**2 - 5*u - 1. What is the remainder when p(6) is divided by r(d)?
30
Let h(c) = -c**3 - c + 25. Let a = 187 + -176. Suppose 0 = -a*p + 511 + 28. What is the remainder when p is divided by h(0)?
24
Suppose -2*t = 27 - 57. Suppose 6*a - 45 - t = 0. Suppose 0*m = -m + 59. Calculate the remainder when m is divided by a.
9
Let s(x) = -2*x**2 - 64*x - 58. Let w be s(-21). Let h = -358 + w. What is the remainder when h is divided by 13?
7
Let g = -1812 + 1876. Let a = -4 + 17. Calculate the remainder when g is divided by a.
12
Let f = -6550 - -6648. What is the remainder when 708 is divided by f?
22
Let z = -1031 - -1067. Let y(i) = -5*i**3 + 4*i**2 + 2*i - 4. Let n be y(3). Let j = z - n. What is the remainder when j is divided by 46?
41
Let h(j) = 4*j**2 - 6*j + 5. Let y be h(2). Let w be 10/3 + 6/y. Suppose 0 = -w*q - 16, -q + 17 + 29 = 5*z. Calculate the remainder when 58 is divided by z.
8
Let y(h) be the first derivative of -36*h**2 + 135*h + 259. Calculate the remainder when y(-12) is divided by 77.
75
Let c = -57774 + 57789. Let s = 153 + -82. Calculate the remainder when s is divided by c.
11
Suppose -50*s = -42*s - 1352. Let z(o) = -3*o**2 - 8*o + 4. Let f be z(-7). Let q = s + f. What is the remainder when q is divided by 14?
12
Let k = -151 + 256. Suppose -33*n = -28*n - k. Let l = -1 - -7. Calculate the remainder when n is divided by l.
3
Let n = 11445 + -10191. What is the remainder when n is divided by 60?
54
Let q be (-1672)/(-133) + -2 + 34/14. Suppose q*m + 17 = 14*m. What is the remainder when 64 is divided by m?
13
Let s(r) = -r**3 - 27*r**2 - 35*r - 240. What is the remainder when s(-27) is divided by 55?
45
Let p = -1846 + 2974. What is the remainder when p is divided by 14?
8
Let d(g) = -14*g + 206. What is the remainder when d(11) is divided by (-2)/4*-54 + -3?
4
Let h = -23 - -48. Let t(d) = -d**3 + 33*d**2 + 38*d - 65. Calculate the remainder when t(34) is divided by h.
21
Let n(g) = 1026*g + 39. What is the remainder when 771 is divided by n(0)?
30
What is the remainder when ((-15)/70)/(12/(-16)) - (-6632)/14 is divided by 175?
124
Suppose 4*g - 2*g = 82. Let b(m) be the second derivative of 4*m**3/3 + 25*m**2/2 + 135*m. Calculate the remainder when g is divided by b(-2).
5
Suppose 48*j - 8*j = 200. Suppose -10*c + 7*c - j*r + 218 = 0, 0 = -3*c - 4*r + 214. Calculate the remainder when 130 is divided by c.
64
Let b(i) = -4*i**3 - 64*i**2 - 16*i - 103. What is the remainder when 330 is divided by b(-16)?
24
Let z = 399 + -677. Let l = 298 + z. Calculate the remainder when 22 is divided by l.
2
Suppose 0 = 2*z - 2*o - 30, -4*z + 9*z = -2*o + 96. Calculate the remainder when 30 is divided by (z/(-21))/(6/(-28)).
2
Let b = 426102 - 425980. Let a = -782 + 1155. What is the remainder when a is divided by b?
7
Suppose 1158*o - 1149*o = -54. Let x(n) = -19*n + 2. Let v be x(5). What is the remainder when 215 is divided by v*(-1 - -3)/o?
29
Let s be (3/9*-1)/((-6)/(-198)). Let f = 9 - 5. Calculate the remainder when (40/(-2))/(-2) + s/11 is divided by f.
1
Let u(q) = 3*q**3 - 3*q**2 - q - 3. What is the remainder when u(3) is divided by (-8 - -1)*24/(312/(-13))?
6
Suppose 0*l + 86 = 2*l + 4*s, -3*s = 0. What is the remainder when 83*1 - 0/(-2)*(-257 - -256) is divided by l?
40
Let o be 0*(6/8)/(9/(-6)). Suppose c + 5*x - 22 - 35 = o, -5*x + 198 = 4*c. Let t = c - 24. Calculate the remainder when t is divided by 9.
5
Let y(n) = -83*n**3 + 4*n**2 - n - 10. Let t(g) = 165*g**3 - 9*g**2 + 2*g + 23. Let k(p) = -2*t(p) - 5*y(p). Calculate the remainder when k(2) is divided by 40.
38
Suppose 0 = -h + 6*h - 155. Suppose 8 = o + 4*b - b, o - 8 = b. Suppose -1277 = o*v - 1413. Calculate the remainder when h is divided by v.
14
Let s(b) = -b - 6. Let t be s(-8). Suppose 0 = -t*o + 6 + 10. Let k = 26 - o. What is the remainder when 88 is divided by k?
16
Suppose 4*g - 58 = 2. Calculate the remainder when ((-51)/g)/(((-7)/175)/1) is divided by 23.
16
Suppose 4*z = -3*h + 74, -z = z - 5*h - 24. Let n(x) = x**3 - 63*x**2 - 489*x - 39. Calculate the remainder when n(70) is divided by z.
14
Suppose -283 = -4*c - 303. What is the remainder when 67 is divided by c - 114/(-8 + 2)?
11
Suppose -15*q - 17 = -287. Let v = -57 + 130. What is the remainder when v is divided by q?
1
Let r(v) = 166*v + 2837. What is the remainder when 1330 is divided by r(-17)?
10
Let j be -4 + 7 - 4*6/8. Let i be 2/4*0 - j. Suppose i = 2*m - 126 + 110. What is the remainder when 54 is divided by m?
6
Let t(h) = -36*h - 438. What is the remainder when 199 is divided by t(-15)?
97
Let w = -136 + 469. Let g(p) = -p**3 + 34*p**2 - 7*p + 286. Calculate the remainder when w is divided by g(34).
45
Suppose 35*g = 32*g + 1881. What is the remainder when 32 is divided by (-2)/3*g/(-38)?
10
Suppose 57 = -31*i + 212. Suppose 3*x = -5*r + 5092, -4*x = r - i*x - 1020. What is the remainder when r is divided by 93?
89
Let z = 92 - 305. Let b = z - -220. What is the remainder when 118 is divided by b?
6
Suppose 4*f + 15*f - 2394 = 0. What is the remainder when (10/3)/(-1)*f/(-7) is divided by 49?
11
Let s(g) = 19*g**2 + 6*g + 29. Let z be s(7). Suppose z - 1056 = -2*i. Calculate the remainder when 71 is divided by i.
17
Suppose -293 = -7*c + 351. Let r = -89 + c. Calculate the remainder when 2/(1 + (-10)/14) is divided by r.
1
Suppose -4 = -n + 13. Let s(g) = g**2 + 